rs of b?
3, 23
Let n be 112/10*(-180)/(-9). Suppose 2*t - n = 2*x - 46, -3*t + 266 = -2*x. What are the prime factors of t?
2, 11
Let k(u) = -1. Let a(d) = -3*d + 2. Let s(q) = a(q) + 6*k(q). Let j be s(-3). Suppose -2*t - g - 3*g - 12 = 0, 0 = -j*g - 20. What are the prime factors of t?
2
Suppose 4*c = p - 1175, 0 = -2*c - 0 - 10. What are the prime factors of p?
3, 5, 7, 11
What are the prime factors of -8 + ((-34524)/(-168))/(3/8)?
2, 3, 5
Let h(b) = -b + 15. Let s be h(11). Let c be s/30 - 928/(-15). Suppose 3*m - c - 19 = 0. What are the prime factors of m?
3
Suppose 0 = 6*r - 2*r + 16. Let c be r/(-28) - (-26)/14. What are the prime factors of (c - -1)/((-5)/(-45))?
3
Suppose 3*z - 1 = -2*g + 3*g, 2*g - 2*z = 2. Let a(m) = -19 + 44 - 14 + m**g + 0*m**2. List the prime factors of a(0).
11
Suppose 13*k = -4936 + 31092. List the prime factors of k.
2, 503
What are the prime factors of (-1 - -3)/(6/2445)?
5, 163
Suppose -8*a - 222 = -2*a. Let r = 15 - a. List the prime factors of r.
2, 13
Let m(o) = -o**3 - 5*o**2 - 3*o + 4. Let i be m(-4). Let y = 92 - 64. Let v = i + y. List the prime factors of v.
2, 7
Let q(d) = -d**3 + 21*d**2 - 39*d + 12. List the prime factors of q(17).
5, 101
List the prime factors of 30/35 - (-38246)/182.
211
Suppose -2*l + n = 5*n - 1172, -2*l = -4*n - 1140. What are the prime factors of l?
2, 17
Let j = 78 + -76. Suppose -j*w - 2*c = -360, -4*c + 544 = 3*w - 2*c. What are the prime factors of w?
2, 23
List the prime factors of (-44361)/(-53) - 11/1.
2, 7, 59
Suppose 75064 - 1936 = 33*x. List the prime factors of x.
2, 277
Let x(j) = j**3 - j**2 + 5*j + 6. Let m be x(6). Let d = m - 135. What are the prime factors of d?
3
Suppose -3*f = -4*o - 1668, 1117 = -0*f + 2*f - o. Suppose -7*t + 903 + f = 0. What are the prime factors of t?
11, 19
Suppose 0 = -3*g - 13 + 88. Let h(j) = j**2 + 21*j + 24. Let u be h(-20). Suppose g + 3 = u*v. What are the prime factors of v?
7
List the prime factors of 8/(-6)*927/(-6).
2, 103
Suppose 0 = -0*k + k + 2*r + 10, 3*r - 11 = 5*k. What are the prime factors of 2/k + (-462)/(-28)?
2
Suppose 6 = -6*b + 3*b. Let x be -7 + (-2)/(-4)*b. Let a(p) = -p**2 - 9*p + 4. What are the prime factors of a(x)?
2, 3
Suppose v + 16 = 5*v. Let w be ((-8)/3)/(v/(-6)). Suppose -w*j + 8 + 0 = 0. List the prime factors of j.
2
Let k = -1736 + 2007. What are the prime factors of k?
271
Suppose -x = -s - 2*s + 44, 0 = -2*x + 2. Suppose s = 2*u - 5*u. What are the prime factors of 1200/28 + u/(-35)?
43
Suppose 5*j - 5*d = -10, -5*d + 2 + 2 = -4*j. Let g = 63 + j. What are the prime factors of g?
3, 19
Suppose 0*b = -5*b + 5. Let y = 8 + b. Suppose 3*j + y = 6*j. What are the prime factors of j?
3
Let r(y) be the first derivative of 28*y**3/3 + 7*y**2/2 - y + 23. What are the prime factors of r(2)?
5
Suppose -15 = 5*h, -932 = -3*z - 2*h + 1336. List the prime factors of z.
2, 379
Suppose -3*j - 50 = -5*y - 21, 3*j + 1 = -2*y. List the prime factors of 149 + (2 - 4 - j).
2, 3, 5
Let x(k) = -4*k**3 + 13*k**2 - 2*k - 12. Let m(h) = 7*h**3 - 25*h**2 + 4*h + 25. Let t(d) = 6*m(d) + 11*x(d). What are the prime factors of t(-6)?
2, 3, 31
Suppose 5*d + 66 = -0*d + 3*t, -3*d - 34 = t. Let x be d*2/(-4) - 0. Suppose -3*c + 3*g + 111 = 0, c - 5*g + x = 31. What are the prime factors of c?
2, 5
Let k be 3/((-4)/(-4)) + -3. Suppose -5*j = -5*s - 41 - 104, 2*s + 4*j + 28 = k. Let v = s - -52. What are the prime factors of v?
2, 7
Suppose j - 119 = -4*k, -3*k + 2*j + 94 = -2*j. Suppose 9 + k = b. What are the prime factors of b?
3, 13
Suppose 1149 + 4541 = 2*i. What are the prime factors of i?
5, 569
List the prime factors of (20 + -222)/(-1 + -1).
101
Let y(g) = 2*g**3 - 5*g**2 - g + 4. Let l(u) = -u**3 - 23*u**2 + 24*u + 5. Let f be l(-24). List the prime factors of y(f).
2, 31
Suppose 4*z - 1801 + 387 = -2*c, 5*z - 695 = -c. What are the prime factors of c?
5, 11, 13
List the prime factors of (-64)/20*3955/(-14).
2, 113
Let g(c) = -c**2 - 7*c - 6. Let h be g(-5). Let d(k) = 3 - k**2 + 0 - 2*k + 3*k + h*k. What are the prime factors of d(4)?
7
Suppose x = 2*w + 22, w = -w + 3*x - 30. Let f = 57 + w. List the prime factors of f.
2, 3
Let p be ((-8)/10)/((-5)/(-25)). Let i = p - -8. Suppose 5*d + 0*n + 3*n = 6, i*n = -4*d. List the prime factors of d.
3
Let h = -3 + 4. Suppose 1579 + 21 = 4*u. What are the prime factors of -3*u/(-15)*h?
2, 5
Suppose 3769 - 509 = 10*n. Let c = -218 + n. List the prime factors of c.
2, 3
Let x(t) = -8*t**2 - 182*t + 20. What are the prime factors of x(-20)?
2, 5, 23
Suppose 5*z + 2 = 22. Suppose z*y - 6 - 2 = 0, -5*j + 2*y + 276 = 0. What are the prime factors of j?
2, 7
Suppose 112 = 35*p - 27*p. Suppose v + 0*v = -3*m + 126, -511 = -4*v - 5*m. Suppose -p*a + 11*a = -v. List the prime factors of a.
43
Suppose -3*x = -3*j + 1812, j + 5*x + 37 = 641. List the prime factors of j.
2, 151
Let k(y) = 4*y - 34. Let f(n) = -n**2 + 5*n + 34. Let o be f(7). What are the prime factors of k(o)?
2, 23
Let h(x) = -17*x + 193. What are the prime factors of h(-25)?
2, 3, 103
Let a(z) = -z**3 - 12*z**2 + 13*z + 4. Let c be a(-13). Suppose h + m - 3*m = 31, -5*h + 167 = -c*m. List the prime factors of h.
5, 7
Let g = -1 - -1. Suppose t + 3*t - 16 = g. Suppose 19 + 1 = t*z. List the prime factors of z.
5
Let i(d) = 2*d - 5. Let s be i(3). Let h be (-1 - s) + 2 - -2. Suppose h*q = -3*q + 45. List the prime factors of q.
3
Let f(v) = 37*v**2 - 22*v - 99. List the prime factors of f(-10).
3821
Suppose -y = 3*z - 8*z - 148, -3*z + 12 = 0. What are the prime factors of y?
2, 3, 7
Suppose 4*q = -4*m + 1574 - 422, -3*m - 5*q + 864 = 0. What are the prime factors of m?
2, 3
Let q(t) = t**3 + 35*t**2 + 55*t - 85. List the prime factors of q(-33).
2, 139
Suppose 30 = 4*j - 78. Suppose -4*v + 19 = 4*w - 9, -v + j = 5*w. Suppose -w*b - b + 156 = 0. List the prime factors of b.
2, 13
Let x = 23 + -6. Let q be 8/(-68) + (-678)/x. What are the prime factors of 4/(0 - 4/q)?
2, 5
Let h = 432 + -413. What are the prime factors of h?
19
Let d(f) = -2*f - 3. Let h be d(-2). Suppose p = 1 + h. Suppose a = -2*o + o + 11, 0 = p*a + 8. List the prime factors of o.
3, 5
Suppose 2*b - 2*t - 18 = 6, -2*b + 3*t = -24. Let w be 2/(-4) + (-114)/b. Let h(p) = p + 13. List the prime factors of h(w).
3
Let w = -64 - -40. Let l = 75 + w. List the prime factors of l.
3, 17
Let y(w) = 3*w**2 + 5*w - 4. Let v(h) = -7*h**2 - 10*h + 9. Let f(x) = -6*v(x) - 13*y(x). List the prime factors of f(-5).
2, 7
Let s = 1092 - -337. List the prime factors of s.
1429
Let g = 1660 - 960. List the prime factors of g.
2, 5, 7
Let z = -2500 - -3361. What are the prime factors of z?
3, 7, 41
Let y(m) = -m**2 + 24*m - 31. Let v be y(22). What are the prime factors of (2 + v)*(-40)/(-6)?
2, 5
Let p = -386 - -1174. What are the prime factors of p?
2, 197
Suppose 0*v = -3*v - w - 80, 0 = 3*v + 2*w + 82. Let n = 21 - v. List the prime factors of n.
47
Let d(g) = 2*g**3 + 34*g**2 + 19*g - 12. Let j = -31 - -15. What are the prime factors of d(j)?
2, 7
Let i = -3 + 5. Let h(t) = -2*t**3 - 13*t**2 + 5*t - 12. Let b be h(-7). Suppose -j = 0, -i*r + 3*j = b - 16. List the prime factors of r.
7
Let c(d) = -d**3 + 8*d**2 + d - 14. List the prime factors of c(7).
2, 3, 7
Suppose u - 5*a = 5*u - 27, 0 = 3*u + a - 23. Suppose 2*s - 2 - u = 0. Let c(q) = 7*q - 12. List the prime factors of c(s).
23
Let g(y) = -y**3 + 47*y**2 - 57*y - 197. List the prime factors of g(44).
29, 107
What are the prime factors of (-15160)/(-8)*(0 + 3 + -2)?
5, 379
Let s be ((-7)/3 - -2)/(3/(-387)). Suppose s = 9*l - 974. List the prime factors of l.
113
Let t(g) be the second derivative of 0 - 5*g + 1/2*g**2 + 3/2*g**3. List the prime factors of t(3).
2, 7
Let y be ((-5)/(-4))/((-4)/(-192)). Suppose y*f = 56*f + 496. What are the prime factors of f?
2, 31
Let w = 317 - 220. What are the prime factors of w?
97
Let g = 422 - 205. Suppose x - g = -3*c, -63 = -4*c + 2*x + 233. What are the prime factors of c?
73
Let l(b) = -2*b. Let h be l(-2). Let r = 53 - 48. Suppose i - h = -3*m, 5*i + 50 = r*m + 170. List the prime factors of i.
19
Let y = -1322 - -2495. List the prime factors of y.
3, 17, 23
Let u be -94*7/(15 - 1). Let d be ((-79)/2)/((-2)/4). Let b = d + u. List the prime factors of b.
2
Let v